52. Determine x(-6).
1
Let x(q) = -4*q**3 - 1. Let f be -6 - -3 - 1/((-5)/10). Determine x(f).
3
Let l be (-48)/8*2/3. Let t be -2 - 4/(l/3). Let d(z) = 2*z - z**2 - t + 3*z - 3*z - 2. Give d(3).
-6
Let n(l) = 4*l**2 - 3*l - 1. Let t(i) = -14*i**2 + 1 + 2*i + 9*i**2 + i. Let s(o) = -4*n(o) - 3*t(o). Let d be 6 - (0 + 2) - 1. Give s(d).
1
Suppose 0 = -p - 4 + 7. Let f(u) = 7*u + 5*u - 17*u + p*u + 2*u**2. Calculate f(2).
4
Let l(m) be the first derivative of m**2/2 + 5*m + 510. Suppose 0 = 3*h + 4*i - 11, 2*i - 7 - 9 = 2*h. Give l(h).
2
Let x(k) be the first derivative of -13 + 11/3*k**3 + 2*k - 1/4*k**4 - 5*k**2. Give x(10).
2
Let k = -6 + 5. Let i be (-6)/(-3 - k) - 1. Let q(d) = -d**3 - 8 + 2*d**3 - i*d**2 + 8. What is q(3)?
9
Suppose -2*x + 3*s = 6, -2*x = 2*x - 4*s + 4. Let g(z) = -1 + 6*z**2 + 3*z - 3*z**2 + z**3 + x. Determine g(-2).
0
Suppose -32 = -11*r - 10. Let w(o) = 23*o**2 - o**3 + 4 - 6 - 30*o**r - 3*o. What is w(-7)?
19
Let m(p) = p + 15. Let o(h) be the first derivative of h**3/3 - 4*h + 1. Let k be o(2). What is m(k)?
15
Suppose -5*c + 25 = -3*o, 3*o + 6 = 2*c - 4. Let m(k) = -3*k**2 + 146*k - 10. Let x(z) = -z**2 + 54*z - 3. Let i(t) = -3*m(t) + 8*x(t). Determine i(c).
1
Let n be 11/6 - 1/(-6). Let f(g) = 3 - 3 - 42*g**n + 46*g**2. Give f(1).
4
Suppose 0 = -5*r + 39*b - 43*b - 57, -4*r - 60 = -4*b. Let i(d) = 3*d + 44. Calculate i(r).
5
Let x(p) = -3*p - 10. Let v(i) = -i**3 + 11*i**2 + 13*i - 14. Let t be v(12). Let k(m) = 16*m + 51. Let h(w) = t*k(w) - 11*x(w). Give h(-7).
1
Suppose -46*u + 4903 - 4765 = 0. Let c(f) = 2*f + f**2 + 2*f - 2*f**2. What is c(u)?
3
Let f(x) = 26*x - 7. Let s(o) = -39*o + 11. Let l = 70 + -78. Let i(z) = l*f(z) - 5*s(z). What is i(-2)?
27
Let q = -14 + 12. Let z(x) be the second derivative of x**7/2520 + x**6/180 - x**5/120 - x**4/2 - 4*x. Let n(s) be the third derivative of z(s). Determine n(q).
-5
Let h = 67 + -66. Let s(o) = 10*o**3 + o + 6. Let g(u) = -u**3 + 1. Let d(c) = 6*g(c) - s(c). Determine d(h).
-17
Let m(c) = 19*c**2 + 14*c - 13. Let x(z) = -29*z**2 - 22*z + 21. Let n(l) = -8*m(l) - 5*x(l). Let g = 2 + -3. Determine n(g).
-6
Let f(l) = l**2 + 6*l + 5. Let n be (-3)/(-3)*6 - (-7 + 7). Suppose n*h = 4*h - 10. What is f(h)?
0
Let u = -45 - -46. Let d(g) be the first derivative of -g**4/6 + g**3/6 + 3*g - 4. Let m(s) be the first derivative of d(s). Give m(u).
-1
Let u(p) be the second derivative of p**3/3 + 2*p**2 - 2*p + 7. Let k(i) = -2*i - 4. Let h be k(-3). Suppose -3*z + h = 17. Calculate u(z).
-6
Let d = 92 - 86. Suppose -d*w + 9*w + 12 = 0. Let x(r) = -4*r - 3. Calculate x(w).
13
Let f(z) be the first derivative of z**3/3 + 9*z**2/2 - 4*z - 24. Determine f(-7).
-18
Let f(q) = 4*q + 2. Let h(t) = 21*t - 8. Let g(s) = 6*f(s) - h(s). What is g(14)?
62
Let u(q) = -16*q - 106. Let n be u(-7). Let h(f) = f**3 - 5*f**2 - 4*f - 13. Calculate h(n).
-1
Let b = -2 + 2. Let h be -3 + (2 - b/2). Let y(f) = 22*f**2 + 2*f - 3*f - 7*f**2 - 10*f**2. Give y(h).
6
Let s(m) be the first derivative of -m**2/2 + 4*m - 3975. Let t = 5 + 1. Suppose -4*j = -2*d - 4, 3*j + d - 2 - t = 0. Calculate s(j).
2
Let v(b) = b**3 + 9*b**2 - 3*b - 4. Let d(a) = a**3 + 8*a**2 - 2*a - 3. Let o(r) = -7*d(r) + 6*v(r). Give o(-3).
18
Let p = -2877 - -2864. Let h(x) = x**2 + 12*x + 8. Give h(p).
21
Let b(f) be the second derivative of f**4/12 - f**3 + 7*f**2/2 + 213*f. Give b(5).
2
Suppose -15*v = -10*v - 15. Let f(z) = 1 - v*z**2 - 8*z + 7*z - z + 0*z. Give f(-2).
-7
Suppose 3*l = -l + 4. Suppose 5 = 2*p - 3*k + l, 3*p - 23 = -4*k. Let n(q) be the first derivative of -q**3/3 + 5*q**2/2 + 7*q + 3. Determine n(p).
7
Let k(h) = -h**2 + 3*h + 2. Let m(c) = c - 3. Let j be m(6). Suppose -j*w = -w + 32. Let q = w - -14. Calculate k(q).
-8
Let p = -20 - -22. Let t(c) be the second derivative of c**4/12 - c**3/3 + c**2 - c. Let f(r) be the first derivative of t(r). Determine f(p).
2
Let n(x) = -4*x**2 + x + 8. Let a be n(2). Let g(f) = f**2 + 6*f + 7. Determine g(a).
7
Let h(b) = b**2 - 5*b + 4. Let w(t) = -3*t - 6. Let l(f) = 2*f. Let v be l(1). Suppose -v*n = 3 + 5. Let x be w(n). What is h(x)?
10
Let b(r) = -r**2 - 4*r + 2. Let z(d) = d**2 + 14*d - 1. Let f be z(-11). Let n be f/85 - 36/10. What is b(n)?
2
Let f(h) = -13*h + 51. Let c be f(4). Let a(j) = -6*j**2 - 2*j - 1. Give a(c).
-5
Let f(b) = b + 4. Let y(m) = -m - 4. Let x(h) = 3*f(h) + 4*y(h). Give x(-4).
0
Suppose g + 0 = -2*d - 12, 0 = 4*g + d + 20. Let z(t) be the second derivative of -t**5/20 - t**4/3 + t**3/3 + 3*t**2/2 - 3*t - 10. Calculate z(g).
-5
Let m(o) = -2*o**3 + 6*o**2 - 8*o + 3. Let a(c) = 3*c**3 - 12*c**2 + 16*c - 5. Let h(x) = -3*a(x) - 5*m(x). Suppose -30 - 5 = 5*i. Calculate h(i).
7
Let s(r) = -r**2 + 6*r - 2. Let n = 71 - 71. Suppose n = -g + 1, -3*g + 29 = 5*c - 4*g. Give s(c).
-2
Let h(g) = 5*g - 11. Let w be h(3). Let r(v) = -v**2. Let i(a) = 2*a**2 - a + 1. Let d(y) = 4*i(y) + 7*r(y). Determine d(w).
4
Let f(c) = -c**2 + 5*c - 4. Let x be 0/(5 - -1) - 0. Suppose 0 = -5*t - 7*l + 6*l + 15, x = -t - l - 1. What is f(t)?
0
Let z(x) = 4*x + 1. Let v(o) = -o. Let a(h) = 3*v(h) - z(h). Let i be (6/(-8))/(126/168). What is a(i)?
6
Let w(k) = k - 20. Suppose 3*v - 52 = 8. Calculate w(v).
0
Suppose -8 = 3*k - 29. Let s(r) = k - 7 + 3*r. Calculate s(-2).
-6
Let d(j) = -j**3 + j**2 + 3*j + 1. Let o = 7 + -9. Let q be d(o). Let f(c) = 0 + q - 1 - c - 7. Determine f(-4).
3
Let m be 5*(69/15 - 4). Suppose m*t + 5 = -2*t. Let c(r) = 14*r**2. Calculate c(t).
14
Let y(a) be the first derivative of -a**5/20 + 13*a**4/12 - 5*a**3/3 - 17*a**2/2 + 18*a - 10. Let n(x) be the first derivative of y(x). What is n(12)?
7
Let t(l) = -l - 1. Let a(o) = 6. Let k(f) = 24. Let i(q) = -9*a(q) + 2*k(q). Suppose -4*v + 0 = -4. Let x(g) = v*i(g) + 3*t(g). Calculate x(-6).
9
Let m(n) be the second derivative of -5*n**4/4 + n**3/6 - 197*n + 1. Give m(1).
-14
Let p be (-14 + 13)/((-2)/6). Suppose 17 = p*u + 2*m, -11 = 3*u - m - 4*m. Let g(a) = a**3 - 4*a**2 + 4. What is g(u)?
-5
Let d(w) be the second derivative of -w**5/20 - w**4/12 - 3*w**2/2 - 44*w. Let k be (-12)/4 - -2 - -4. Suppose -k*x = -x. Give d(x).
-3
Let z be 1/2 - (-14)/4. Suppose 16 = -3*k + 8*k + g, -z*g = 4*k - 16. Let v(r) = 6*r - 4. Let d(b) = 26*b - 19. Let c(o) = 2*d(o) - 9*v(o). Give c(k).
-8
Let a(u) = -u**3 - u**2 - u - 7. Let y(g) = -g + 16. Let r be y(20). Let i be (-2)/r*(4 + -4). What is a(i)?
-7
Let s(q) = -5552*q - 2*q**2 + 3*q**2 + 5558*q. Give s(-7).
7
Let k = 27 + -23. Let w(o) = -6*o**2 + 4*o**2 + k*o - 7*o - o**3. Suppose 4*a + 2 = 3*a. Determine w(a).
6
Let z(q) be the third derivative of 5*q**4/8 - q**3/6 + 6*q**2 - 7. Calculate z(-3).
-46
Let a(o) be the third derivative of -7/6*o**3 + o**2 + 0 + 1/24*o**4 + 0*o. Let n be ((-1 - -1)*(-6)/(-12))/(-3). What is a(n)?
-7
Let x = 40 + -38. Let l(u) = u + 9*u**2 + u**2 - 4 + 2*u - 9*u**x. Determine l(-4).
0
Let p(y) = y**3 + y**2 + y. Let j be ((-4)/10)/(10/50). Give p(j).
-6
Let r(x) = 6*x**2 - 15*x + 29. Let d(b) = -4*b**2 + 11*b - 20. Let h(k) = -8*d(k) - 5*r(k). Determine h(6).
9
Let f(b) be the second derivative of b**3/2 - b**2/2 + b. Suppose 6*n - 12 = -0. Suppose -5*x - n*z + 22 = -z, -5*x = -z - 18. What is f(x)?
11
Suppose -12*s + 38*s = 18*s. Let y(w) = w. Let b(i) = 3*i - 10. Let u(h) = -b(h) + 2*y(h). What is u(s)?
10
Let g(x) = -x**3 - 7*x**2 - 8*x. Let p be 34/(-10) + 3 + (-36)/10. Let q be (-2)/(p/30 - 42/(-90)). Give g(q).
12
Let u be ((-12)/(-16) - -2) + (-4)/(-16). Let q(i) = 7*i**2 + 0*i**u - 6*i - 2 - 3*i**2 + 5*i**3 - 4*i**3. Let p be 2/(-2) + 8/(-2). Give q(p).
3
Let o = 71 + -49. Let q = -28 + o. Let c(n) = n**2 + 7*n + 4. Determine c(q).
-2
Let a(n) = 3 + 0*n**2 - 5 - n - n**2. Suppose 574*s + 24 = 566*s. Give a(s).
-8
Suppose -16 = -5*s + s. Let z(c) = -10*c**2 + 3 + 5*c**2 + 8*c**2 - s*c. Let o = -5 + 7. Give z(o).
7
Let x(k) be the third derivative of k**5/60 - k**3/6 + 4*k**2. Let s = 43 + -43. What is x(s)?
-1
Let z(v) = -9*v**3 - 8*v**2 - 15*v - 7. Let j(a) = 5*a**3 + 4*a**2 + 8*a + 4. Let n(k) = -7*j(k) - 4*z(k). Calculate n(-3).
-3
Let p(m) = -8*m**2 + m + 17. Let j(o) = -o**2 + 3. Let r(s) = -4*j(s) + p(s). Calculate r(3).
-28
Let h(c) = -c**2 + 4*c + 2. Suppose -251*k + 256*k = -15. Give h(k).
-19
Let z(n) be th